{"id":2554,"date":"2024-05-21T15:04:43","date_gmt":"2024-05-21T18:04:43","guid":{"rendered":"https:\/\/calordehogartejidos.com\/?post_type=product&#038;p=2554"},"modified":"2024-07-02T08:19:02","modified_gmt":"2024-07-02T11:19:02","slug":"taller-cuello-con-capucha-para-papa","status":"publish","type":"product","link":"https:\/\/calordehogartejidos.com\/index.php\/product\/taller-cuello-con-capucha-para-papa\/","title":{"rendered":"Taller Cuello con Capucha para Pap\u00e1"},"content":{"rendered":"<p><strong>INICIO: 24 de Mayo<\/strong><\/p>\n<p><strong>NIVEL:<\/strong> medio<\/p>\n<p><em><strong>Materiales:<\/strong><\/em><\/p>\n<ul>\n<li>200 a 300 grs. de Lana semigruesa (cashmilon sedificado, mechalan, nevilan, Supreme, stella de LHO, shatland, merino, Angorina)<\/li>\n<li>aguja de crochet n\u00b0 entre 4.5 y 6 mm<\/li>\n<li>aguja lanera<\/li>\n<li>tijera<\/li>\n<li>cent\u00edmetro<\/li>\n<\/ul>\n<p>Este TALLER se realizar\u00e1 a trav\u00e9s de un <strong>grupo de WhatsApp<\/strong> donde tendr\u00e1s a disposici\u00f3n todo el material <strong>escrito paso a paso<\/strong>, <strong>videos e im\u00e1genes<\/strong> que te ayudar\u00e1n a poder realizarlo, y un <strong>seguimiento personalizado<\/strong> a trav\u00e9s del mismo grupo. All\u00ed podr\u00e1s sacarte todas la dudas que vayan surgiendo\u2026<\/p>\n<p>El<strong> paso a paso que estar\u00e1 en formato PDF<\/strong>, se ir\u00e1 dando de forma paulatina para que puedas realizarlo sin ning\u00fan inconveniente, aproximadamente una vez por semana.<\/p>\n<p>El <strong>COSTO<\/strong> es de un <strong>CAFECITO <\/strong>como apoyo y colaboraci\u00f3n a mi trabajo.<\/p>\n<p>Realiz\u00e1 la compra, y <strong>FINALIZALA<\/strong> completando todos tus <strong>datos<\/strong>.<br \/>\nTe llegar\u00e1 <strong>un mail<\/strong> que dice que hiciste la compra, y que ten\u00e9s que completar el pago.<\/p>\n<p>Una vez <strong>completado el pago<\/strong>, avisame con un mensaje de <strong>WhatsApp al 1121721970<\/strong>, y te ingreso al grupo.<\/p>\n<p><strong>PAGO POR WESTERN UNION pedir datos por WhatsApp al 1121721970<\/strong><\/p>\n<p>&nbsp;<\/p>\n","protected":false},"excerpt":{"rendered":"<p><span class=\"OYPEnA text-decoration-none text-strikethrough-none\">Regalale algo hecho por vos!!<\/span><\/p>\n<div id=\"gtx-trans\" style=\"position: absolute; left: 112px; top: 32.2153px;\">\n<div class=\"gtx-trans-icon\"><\/div>\n<\/div>\n","protected":false},"featured_media":2556,"template":"","meta":[],"product_brand":[],"product_cat":[18],"product_tag":[183,255,252,250,253,251,254],"class_list":{"0":"post-2554","1":"product","2":"type-product","3":"status-publish","4":"has-post-thumbnail","6":"product_cat-cursos","7":"product_tag-bolsocrochet","8":"product_tag-crochetparapapa","9":"product_tag-cuello","10":"product_tag-cuello-con-capucha","11":"product_tag-cuelloacrochet","12":"product_tag-cuelloconcapucha","13":"product_tag-cuelloconcapuchacrpchet","15":"first","16":"outofstock","17":"shipping-taxable","18":"purchasable","19":"product-type-simple"},"_links":{"self":[{"href":"https:\/\/calordehogartejidos.com\/index.php\/wp-json\/wp\/v2\/product\/2554","targetHints":{"allow":["GET"]}}],"collection":[{"href":"https:\/\/calordehogartejidos.com\/index.php\/wp-json\/wp\/v2\/product"}],"about":[{"href":"https:\/\/calordehogartejidos.com\/index.php\/wp-json\/wp\/v2\/types\/product"}],"wp:featuredmedia":[{"embeddable":true,"href":"https:\/\/calordehogartejidos.com\/index.php\/wp-json\/wp\/v2\/media\/2556"}],"wp:attachment":[{"href":"https:\/\/calordehogartejidos.com\/index.php\/wp-json\/wp\/v2\/media?parent=2554"}],"wp:term":[{"taxonomy":"product_brand","embeddable":true,"href":"https:\/\/calordehogartejidos.com\/index.php\/wp-json\/wp\/v2\/product_brand?post=2554"},{"taxonomy":"product_cat","embeddable":true,"href":"https:\/\/calordehogartejidos.com\/index.php\/wp-json\/wp\/v2\/product_cat?post=2554"},{"taxonomy":"product_tag","embeddable":true,"href":"https:\/\/calordehogartejidos.com\/index.php\/wp-json\/wp\/v2\/product_tag?post=2554"}],"curies":[{"name":"wp","href":"https:\/\/api.w.org\/{rel}","templated":true}]}}