{"id":2811,"date":"2024-09-09T21:57:09","date_gmt":"2024-09-10T00:57:09","guid":{"rendered":"https:\/\/calordehogartejidos.com\/?post_type=product&#038;p=2811"},"modified":"2025-06-04T17:14:14","modified_gmt":"2025-06-04T20:14:14","slug":"poncho-con-capucha-a-partir-de-4-anos","status":"publish","type":"product","link":"https:\/\/calordehogartejidos.com\/index.php\/product\/poncho-con-capucha-a-partir-de-4-anos\/","title":{"rendered":"Poncho con Capucha (a partir de 4 a\u00f1os)"},"content":{"rendered":"<p><strong>GU\u00cdA DE CROCHET NIVEL:<\/strong> proyecto tanto para principiantes como para crocheters m\u00e1s avanzados.<\/p>\n<p>Con esta <strong>GU\u00cdA de Tejido<\/strong> aprender\u00e1s a tejer un hermoso <strong>Poncho con Capucha a Crochet<\/strong> que se adapta a cualquier edad.<\/p>\n<p><strong>GU\u00cdA DE TEJIDO<\/strong>, 26 p\u00e1ginas con el paso a paso en formato <strong>PDF\u00a0<\/strong>con <strong>texto<\/strong>, <strong>fotos<\/strong>, <strong>diagramas<\/strong>, <strong>tablas de medidas<\/strong>, <strong>8<\/strong> <strong>videos<\/strong> <strong>tutoriale<\/strong>s, TODO desde el inicio hasta el acabado, con consejos \u00fatiles y trucos para que tu poncho luzca espectacular.<\/p>\n<p><strong>Para adquirir la GU\u00cdA&#8230;<\/strong><\/p>\n<p>Realiz\u00e1 la compra, y <strong>FINALIZALA<\/strong> completando todos tus <strong>datos<\/strong>.<br \/>\nTe llegar\u00e1 <strong>un mail<\/strong> que dice que hiciste la compra, y que ten\u00e9s que completar el pago.<\/p>\n<p><strong>PAGOS desde el EXTERIOR:<\/strong><\/p>\n<ul>\n<li><strong>Por PAYPAL<\/strong><\/li>\n<li><strong>Para Transferencia Bancaria desde el exterior, a\u00f1ad\u00ed al carrito, finaliz\u00e1 la compra y seleccion\u00e1 transferencia bancaria. En el pedido te aparecer\u00e1n los datos para el DEP\u00d3SITO desde el EXTERIOR.<br \/>\n<\/strong><strong>Una vez realizado el pago enviar el comprobante por mensaje de whatsapp al 1121721970<\/strong><\/li>\n<li><strong>POR WESTERN UNION pedir datos por WhatsApp al 1121721970<\/strong><\/li>\n<\/ul>\n<p>NO ES EL PRODUCTO TERMINADO<\/p>\n","protected":false},"excerpt":{"rendered":"<p><span class=\"OYPEnA text-decoration-none text-strikethrough-none\">Ideal para todas las edades!<\/span><\/p>\n<div id=\"gtx-trans\" style=\"position: absolute; left: 112px; top: 32.2153px;\">\n<div class=\"gtx-trans-icon\"><\/div>\n<\/div>\n","protected":false},"featured_media":2812,"template":"","meta":[],"product_brand":[],"product_cat":[32],"product_tag":[270,271,268,269],"class_list":{"0":"post-2811","1":"product","2":"type-product","3":"status-publish","4":"has-post-thumbnail","6":"product_cat-guias-de-tejido","7":"product_tag-abrigomediaestacion","8":"product_tag-poncho","9":"product_tag-ponchoconcapucha","10":"product_tag-ponchoconcapuchaacrochet","12":"first","13":"instock","14":"downloadable","15":"shipping-taxable","16":"purchasable","17":"product-type-simple"},"_links":{"self":[{"href":"https:\/\/calordehogartejidos.com\/index.php\/wp-json\/wp\/v2\/product\/2811","targetHints":{"allow":["GET"]}}],"collection":[{"href":"https:\/\/calordehogartejidos.com\/index.php\/wp-json\/wp\/v2\/product"}],"about":[{"href":"https:\/\/calordehogartejidos.com\/index.php\/wp-json\/wp\/v2\/types\/product"}],"wp:featuredmedia":[{"embeddable":true,"href":"https:\/\/calordehogartejidos.com\/index.php\/wp-json\/wp\/v2\/media\/2812"}],"wp:attachment":[{"href":"https:\/\/calordehogartejidos.com\/index.php\/wp-json\/wp\/v2\/media?parent=2811"}],"wp:term":[{"taxonomy":"product_brand","embeddable":true,"href":"https:\/\/calordehogartejidos.com\/index.php\/wp-json\/wp\/v2\/product_brand?post=2811"},{"taxonomy":"product_cat","embeddable":true,"href":"https:\/\/calordehogartejidos.com\/index.php\/wp-json\/wp\/v2\/product_cat?post=2811"},{"taxonomy":"product_tag","embeddable":true,"href":"https:\/\/calordehogartejidos.com\/index.php\/wp-json\/wp\/v2\/product_tag?post=2811"}],"curies":[{"name":"wp","href":"https:\/\/api.w.org\/{rel}","templated":true}]}}