{"id":2814,"date":"2024-09-09T22:07:05","date_gmt":"2024-09-10T01:07:05","guid":{"rendered":"https:\/\/calordehogartejidos.com\/?post_type=product&#038;p=2814"},"modified":"2025-06-04T17:28:06","modified_gmt":"2025-06-04T20:28:06","slug":"manta-de-apego-alegria-para-bebes","status":"publish","type":"product","link":"https:\/\/calordehogartejidos.com\/index.php\/product\/manta-de-apego-alegria-para-bebes\/","title":{"rendered":"Manta de Apego \u00abALEGR\u00cdA\u00bb para beb\u00e9s"},"content":{"rendered":"<p><strong>PATR\u00d3N DE AMIGURUMI NIVEL:<\/strong> medio a avanzado<\/p>\n<p>Cre\u00e1 una manta de apego \u00fanica inspirada en \u00ab<em><strong>Alegr\u00eda<\/strong><\/em>\u00bb el personaje de la pel\u00edcula <em><strong>Intensamente<\/strong><\/em>.<\/p>\n<p>Tendr\u00e1s el <strong>paso a paso<\/strong>, con im\u00e1genes, fotos, <strong>VIDEOS TUTORIALES<\/strong>, t\u00e9cnicas y trucos para que puedas realizar el patr\u00f3n f\u00e1cilmente.<\/p>\n<p><strong>BONUS:<\/strong> Boquita Fel\u00edz!<\/p>\n<p><strong>Para adquirir la GU\u00cdA&#8230;<\/strong><\/p>\n<p>Realiz\u00e1 la compra, y <strong>FINALIZALA<\/strong> completando todos tus <strong>datos<\/strong>.<br \/>\nTe llegar\u00e1 <strong>un mail<\/strong> que dice que hiciste la compra, y que ten\u00e9s que completar el pago.<\/p>\n<p><strong>PAGOS desde el EXTERIOR:<\/strong><\/p>\n<ul>\n<li><strong>Por PAYPAL<\/strong><\/li>\n<li><strong>Para Transferencia Bancaria desde el exterior, a\u00f1ad\u00ed al carrito, finaliz\u00e1 la compra y seleccion\u00e1 transferencia bancaria. En el pedido te aparecer\u00e1n los datos para el DEP\u00d3SITO desde el EXTERIOR.<br \/>\n<\/strong><strong>Una vez realizado el pago enviar el comprobante por mensaje de whatsapp al 1121721970<\/strong><\/li>\n<li><strong>POR WESTERN UNION pedir datos por WhatsApp al 1121721970<\/strong><\/li>\n<\/ul>\n<p>&nbsp;<\/p>\n","protected":false},"excerpt":{"rendered":"<p><span class=\"OYPEnA text-decoration-none text-strikethrough-none\">Cre\u00e1 esta mantita de apego \u00fanica y llev\u00e1 ALEGR\u00cdA a tu beb\u00e9!<\/span><\/p>\n<div id=\"gtx-trans\" style=\"position: absolute; left: 112px; top: 32.2153px;\">\n<div class=\"gtx-trans-icon\"><\/div>\n<\/div>\n","protected":false},"featured_media":2815,"template":"","meta":[],"product_brand":[],"product_cat":[19],"product_tag":[276,274,180,273,277,272,275,278],"class_list":{"0":"post-2814","1":"product","2":"type-product","3":"status-publish","4":"has-post-thumbnail","6":"product_cat-patrones","7":"product_tag-accesoriosparabebes","8":"product_tag-alegria","9":"product_tag-bebes","10":"product_tag-intensamente","11":"product_tag-juguetespara-bebes","12":"product_tag-mantadeapego","13":"product_tag-mantadeapegoalegria","14":"product_tag-mantitadeapego","16":"first","17":"instock","18":"downloadable","19":"shipping-taxable","20":"purchasable","21":"product-type-simple"},"_links":{"self":[{"href":"https:\/\/calordehogartejidos.com\/index.php\/wp-json\/wp\/v2\/product\/2814","targetHints":{"allow":["GET"]}}],"collection":[{"href":"https:\/\/calordehogartejidos.com\/index.php\/wp-json\/wp\/v2\/product"}],"about":[{"href":"https:\/\/calordehogartejidos.com\/index.php\/wp-json\/wp\/v2\/types\/product"}],"wp:featuredmedia":[{"embeddable":true,"href":"https:\/\/calordehogartejidos.com\/index.php\/wp-json\/wp\/v2\/media\/2815"}],"wp:attachment":[{"href":"https:\/\/calordehogartejidos.com\/index.php\/wp-json\/wp\/v2\/media?parent=2814"}],"wp:term":[{"taxonomy":"product_brand","embeddable":true,"href":"https:\/\/calordehogartejidos.com\/index.php\/wp-json\/wp\/v2\/product_brand?post=2814"},{"taxonomy":"product_cat","embeddable":true,"href":"https:\/\/calordehogartejidos.com\/index.php\/wp-json\/wp\/v2\/product_cat?post=2814"},{"taxonomy":"product_tag","embeddable":true,"href":"https:\/\/calordehogartejidos.com\/index.php\/wp-json\/wp\/v2\/product_tag?post=2814"}],"curies":[{"name":"wp","href":"https:\/\/api.w.org\/{rel}","templated":true}]}}