{"id":372,"date":"2021-08-14T16:42:22","date_gmt":"2021-08-14T19:42:22","guid":{"rendered":"https:\/\/calordehogartejidos.com\/?post_type=product&#038;p=372"},"modified":"2025-06-04T17:17:26","modified_gmt":"2025-06-04T20:17:26","slug":"guia-chaleco-basico-es","status":"publish","type":"product","link":"https:\/\/calordehogartejidos.com\/index.php\/product\/guia-chaleco-basico-es\/","title":{"rendered":"Gu\u00eda Chaleco B\u00e1sico (Es)"},"content":{"rendered":"<p><strong>GU\u00cdA en formato PDF<\/strong> de 13 p\u00e1ginas en donde vas a poder encontrar un paso a paso <strong>complet\u00edsimo<\/strong> para realizar cualquier medida de chaleco.<\/p>\n<p>Podr\u00e1s aprender a <strong>realizar los c\u00e1lculos<\/strong> con precisi\u00f3n y <strong>adaptarlos de acuerdo al talle<\/strong> que lo desees sin importar el hilado que utilices.<br \/>\nVas a encontrar el paso a paso en forma de <strong>texto, im\u00e1genes ilustrativas, diagramas, fotos y 10 video tutoriales!!<\/strong><\/p>\n<p>Podr\u00e1s hacer tu <strong>muestra, sacar medidas,<\/strong> y pasarlas a tu proyecto para <strong>que puedas hacerlo a medida<\/strong>.<br \/>\nAprender\u00e1s a hacer las <strong>disminuciones<\/strong> para las <strong>sisas<\/strong> y tambi\u00e9n a realizar un <strong>cuello redondo.<\/strong><\/p>\n<p><strong>Todo explicado para 2 talles<\/strong>: talle 2 meses y adulto XL.<\/p>\n<p>Y como un <strong>AGREGADO<\/strong> tendr\u00e1s la explicaci\u00f3n para realizar el <strong>cuello con botones<\/strong> de un costado para los m\u00e1s peques de la familia.<\/p>\n<p><strong>NO TE LO POD\u00c9S PERDER!!<\/strong><\/p>\n<h4><strong>\u00bfC\u00f3mo lo adquir\u00eds?<\/strong><\/h4>\n<p>Realiz\u00e1 la compra, y <strong>finalizala<\/strong> completando todos tus datos.<br \/>\nTe llegar\u00e1 <strong>un mail<\/strong> que dice que hiciste la compra, y que ten\u00e9s que completar el pago.<\/p>\n<p>Una vez que completes la compra, recibir\u00e1s en tu <strong>mail<\/strong> el c\u00f3digo de <strong>acceso para la descarga<\/strong>.<\/p>\n","protected":false},"excerpt":{"rendered":"<p><strong>GU\u00cdA complet\u00edsima<\/strong> para realizar cualquier medida de chaleco<br \/>\nYa muchas lo probaron y mir\u00e1 los resultados que obtuvieron en las fotos !!!<\/p>\n","protected":false},"featured_media":373,"template":"","meta":[],"product_brand":[],"product_cat":[32],"product_tag":[61,59,62,60,63],"class_list":{"0":"post-372","1":"product","2":"type-product","3":"status-publish","4":"has-post-thumbnail","6":"product_cat-guias-de-tejido","7":"product_tag-guia-basica-chaleco","8":"product_tag-guia-chaleco","9":"product_tag-hace-tu-chaleco","10":"product_tag-patron-chaleco","11":"product_tag-patron-todos-los-talles","13":"first","14":"instock","15":"downloadable","16":"shipping-taxable","17":"purchasable","18":"product-type-simple"},"_links":{"self":[{"href":"https:\/\/calordehogartejidos.com\/index.php\/wp-json\/wp\/v2\/product\/372","targetHints":{"allow":["GET"]}}],"collection":[{"href":"https:\/\/calordehogartejidos.com\/index.php\/wp-json\/wp\/v2\/product"}],"about":[{"href":"https:\/\/calordehogartejidos.com\/index.php\/wp-json\/wp\/v2\/types\/product"}],"wp:featuredmedia":[{"embeddable":true,"href":"https:\/\/calordehogartejidos.com\/index.php\/wp-json\/wp\/v2\/media\/373"}],"wp:attachment":[{"href":"https:\/\/calordehogartejidos.com\/index.php\/wp-json\/wp\/v2\/media?parent=372"}],"wp:term":[{"taxonomy":"product_brand","embeddable":true,"href":"https:\/\/calordehogartejidos.com\/index.php\/wp-json\/wp\/v2\/product_brand?post=372"},{"taxonomy":"product_cat","embeddable":true,"href":"https:\/\/calordehogartejidos.com\/index.php\/wp-json\/wp\/v2\/product_cat?post=372"},{"taxonomy":"product_tag","embeddable":true,"href":"https:\/\/calordehogartejidos.com\/index.php\/wp-json\/wp\/v2\/product_tag?post=372"}],"curies":[{"name":"wp","href":"https:\/\/api.w.org\/{rel}","templated":true}]}}