{"id":3908,"date":"2025-07-15T14:36:30","date_gmt":"2025-07-15T17:36:30","guid":{"rendered":"https:\/\/calordehogartejidos.com\/?post_type=product&#038;p=3908"},"modified":"2025-07-18T16:00:37","modified_gmt":"2025-07-18T19:00:37","slug":"almohadon-de-corazones-con-la-tecnica-c2c","status":"publish","type":"product","link":"https:\/\/calordehogartejidos.com\/index.php\/product\/almohadon-de-corazones-con-la-tecnica-c2c\/","title":{"rendered":"Almohad\u00f3n de Corazones con la T\u00e9cnica C2C"},"content":{"rendered":"<p><strong>GU\u00cdA de TEJIDO del Almohad\u00f3n con la t\u00e9cnica C2C a CROCHET<\/strong><\/p>\n<p><strong>NIVEL:<\/strong> Medio a m\u00e1s avanzado.<br \/>\n<strong>Recomiendo<\/strong> comenzar con el <strong>MANUAL<\/strong> si nunca realizaste esta t\u00e9cnica.<\/p>\n<p><strong>GU\u00cdA DE TEJIDO de<\/strong>\u00a0<strong>50 p\u00e1ginas<\/strong> con el paso a paso en formato <strong>PDF:<\/strong>\u00a0<strong>texto<\/strong>, <strong>fotos<\/strong>, <strong>diagramas<\/strong>, <strong>5 VIDEOS TUTORIALES\u00a0<\/strong>paso a paso. <strong>TODO<\/strong> desde el inicio, con consejos \u00fatiles y trucos.<\/p>\n<p><strong>Para adquirir la GU\u00cdA&#8230;<\/strong><\/p>\n<p>Realiz\u00e1 la compra, y <strong>FINALIZALA<\/strong> completando todos tus <strong>datos<\/strong>.<br \/>\nTe llegar\u00e1 <strong>un mail<\/strong> que dice que hiciste la compra, y que ten\u00e9s que completar el pago.<\/p>\n<p><strong>PAGOS desde el EXTERIOR:<\/strong><\/p>\n<ul>\n<li><strong>Por PAYPAL<\/strong><\/li>\n<li><strong>Para Transferencia Bancaria desde el exterior, a\u00f1ad\u00ed al carrito, finaliz\u00e1 la compra y seleccion\u00e1 transferencia bancaria. En el pedido te aparecer\u00e1n los datos para el DEP\u00d3SITO desde el EXTERIOR.<br \/>\n<\/strong><strong>Una vez realizado el pago enviar el comprobante por mensaje de whatsapp al 1121721970<\/strong><\/li>\n<li><strong>POR WESTERN UNION pedir datos por WhatsApp al 1121721970<\/strong><\/li>\n<\/ul>\n<p>NO ES EL PRODUCTO TERMINADO<\/p>\n","protected":false},"excerpt":{"rendered":"<p class=\"cvGsUA direction-ltr align-center para-style-body\">Aprend\u00e9 a crear un hermoso almohad\u00f3n con corazones de colores usando la t\u00e9cnica C2C a crochet.<\/p>\n","protected":false},"featured_media":3906,"template":"","meta":[],"product_brand":[],"product_cat":[32],"product_tag":[394,139,140,389,393,391,390,392],"class_list":{"0":"post-3908","1":"product","2":"type-product","3":"status-publish","4":"has-post-thumbnail","6":"product_cat-guias-de-tejido","7":"product_tag-almohadonc2c","8":"product_tag-almohadoncrochet","9":"product_tag-almohadontejido","10":"product_tag-c2c","11":"product_tag-c2cmanual","12":"product_tag-c2cpasoapaso","13":"product_tag-crochetc2c","14":"product_tag-manualc2c","16":"first","17":"instock","18":"downloadable","19":"shipping-taxable","20":"purchasable","21":"product-type-simple"},"_links":{"self":[{"href":"https:\/\/calordehogartejidos.com\/index.php\/wp-json\/wp\/v2\/product\/3908","targetHints":{"allow":["GET"]}}],"collection":[{"href":"https:\/\/calordehogartejidos.com\/index.php\/wp-json\/wp\/v2\/product"}],"about":[{"href":"https:\/\/calordehogartejidos.com\/index.php\/wp-json\/wp\/v2\/types\/product"}],"wp:featuredmedia":[{"embeddable":true,"href":"https:\/\/calordehogartejidos.com\/index.php\/wp-json\/wp\/v2\/media\/3906"}],"wp:attachment":[{"href":"https:\/\/calordehogartejidos.com\/index.php\/wp-json\/wp\/v2\/media?parent=3908"}],"wp:term":[{"taxonomy":"product_brand","embeddable":true,"href":"https:\/\/calordehogartejidos.com\/index.php\/wp-json\/wp\/v2\/product_brand?post=3908"},{"taxonomy":"product_cat","embeddable":true,"href":"https:\/\/calordehogartejidos.com\/index.php\/wp-json\/wp\/v2\/product_cat?post=3908"},{"taxonomy":"product_tag","embeddable":true,"href":"https:\/\/calordehogartejidos.com\/index.php\/wp-json\/wp\/v2\/product_tag?post=3908"}],"curies":[{"name":"wp","href":"https:\/\/api.w.org\/{rel}","templated":true}]}}