{"id":745,"date":"2021-11-05T00:55:34","date_gmt":"2021-11-05T03:55:34","guid":{"rendered":"https:\/\/calordehogartejidos.com\/?post_type=product&#038;p=745"},"modified":"2024-04-28T16:12:04","modified_gmt":"2024-04-28T19:12:04","slug":"deco-cabecita-de-noel-es","status":"publish","type":"product","link":"https:\/\/calordehogartejidos.com\/index.php\/product\/deco-cabecita-de-noel-es\/","title":{"rendered":"Deco &#8211; Cabecita de Noel (ES) &#8211; Gu\u00eda de Tejido"},"content":{"rendered":"<p><strong>Gu\u00eda de Tejido<\/strong> <strong>Gratis<\/strong> en formato PDF (4 p\u00e1g.)<br \/>\n<strong>Nivel:<\/strong> inicial de amigurumis<\/p>\n<p>Peque\u00f1o proyecto navide\u00f1o para realizar con la t\u00e9cnica de amigurumis, que no mide m\u00e1s de 10 a 12 cm de alto.<br \/>\nNo hace falta que seas un virtuoso del crochet, simplemente con saber medio punto, aumentar y disminuir ya pod\u00e9s hacer el proyecto.<\/p>\n<p><strong>Materiales:<\/strong><\/p>\n<ol>\n<li>100grs. de hilo de algod\u00f3n 8\/6 de color: rojo, blanco y el color que quieras o consigas para la piel (durazno claro, beige claro, crudo, cremita)<br \/>\nTambi\u00e9n pod\u00e9s utilizar lana de cashmilon 2\/7 (media)<\/li>\n<li>Aguja de crochet 3 mm o 4 mm (seg\u00fan el grosor que escojas)<\/li>\n<li>Ojos de seguridad n\u00b0 8 para el hilo, o n\u00b0 10 para la lana.<\/li>\n<li>150grs. Vell\u00f3n siliconado<\/li>\n<\/ol>\n<p>No te olvides de <strong>etiquetarme<\/strong> o enviarme una <strong>foto<\/strong> cuando lo realices.<\/p>\n<p>Patr\u00f3n gratuito para descargar.<br \/>\nIncluye <strong>4 videos<\/strong> con el paso a paso.<\/p>\n<p>Soy una apasionada del crochet y de ense\u00f1ar a tejerlo.<br \/>\nNo hay nada mejor que dar!!<br \/>\nTu apoyo me ayuda a seguir adelante.<br \/>\nSi te gust\u00f3 el patroncito y quer\u00e9s, compartirme un <a href=\"https:\/\/cafecito.app\/calordehogartejidos\">CAFECITO<\/a>.<\/p>\n<p><a href=\"https:\/\/cafecito.app\/calordehogartejidos\">https:\/\/cafecito.app\/calordehogartejidos<\/a><br \/>\nGracias, Isa<\/p>\n<p>Hac\u00e9 toda la compra, y te llegar\u00e1 un <strong>mail<\/strong> con el <strong>enlace<\/strong> para <strong>descargarlo.<\/strong><\/p>\n<p>Recomendaci\u00f3n: abrir el PDF con el navegador para poder abrir el enlace del video tutorial.<\/p>\n<p>No reproducir ni compartir el patr\u00f3n en ning\u00fan sitio. Pero si pod\u00e9s comercializar su producci\u00f3n.<\/p>\n","protected":false},"excerpt":{"rendered":"<p>Peque\u00f1a cabecita de Noel para decorar el \u00e1rbol navide\u00f1o<\/p>\n","protected":false},"featured_media":1463,"template":"","meta":[],"product_brand":[],"product_cat":[32],"product_tag":[103,91,93,102,94,96],"class_list":{"0":"post-745","1":"product","2":"type-product","3":"status-publish","4":"has-post-thumbnail","6":"product_cat-guias-de-tejido","7":"product_tag-decoarbol","8":"product_tag-deconavidena","9":"product_tag-navidad","10":"product_tag-noel","11":"product_tag-papanoel","12":"product_tag-papanoelamigurumi","14":"first","15":"instock","16":"downloadable","17":"shipping-taxable","18":"purchasable","19":"product-type-simple"},"_links":{"self":[{"href":"https:\/\/calordehogartejidos.com\/index.php\/wp-json\/wp\/v2\/product\/745","targetHints":{"allow":["GET"]}}],"collection":[{"href":"https:\/\/calordehogartejidos.com\/index.php\/wp-json\/wp\/v2\/product"}],"about":[{"href":"https:\/\/calordehogartejidos.com\/index.php\/wp-json\/wp\/v2\/types\/product"}],"wp:featuredmedia":[{"embeddable":true,"href":"https:\/\/calordehogartejidos.com\/index.php\/wp-json\/wp\/v2\/media\/1463"}],"wp:attachment":[{"href":"https:\/\/calordehogartejidos.com\/index.php\/wp-json\/wp\/v2\/media?parent=745"}],"wp:term":[{"taxonomy":"product_brand","embeddable":true,"href":"https:\/\/calordehogartejidos.com\/index.php\/wp-json\/wp\/v2\/product_brand?post=745"},{"taxonomy":"product_cat","embeddable":true,"href":"https:\/\/calordehogartejidos.com\/index.php\/wp-json\/wp\/v2\/product_cat?post=745"},{"taxonomy":"product_tag","embeddable":true,"href":"https:\/\/calordehogartejidos.com\/index.php\/wp-json\/wp\/v2\/product_tag?post=745"}],"curies":[{"name":"wp","href":"https:\/\/api.w.org\/{rel}","templated":true}]}}